 2222/154 + (-9)/21. Let n be (49/j - 2)*-2. Give f(n).
-5
Let j(q) = -q**3 + 15*q**2 + 38*q - 53. Let h be j(17). Let s(x) = -x**2 + 13*x + 32. Determine s(h).
2
Suppose 85*j + 6 + 394 = 5*j. Let b(u) = 2*u**2 - 8*u - 13. Determine b(j).
77
Let m(o) = o**3 + 8*o**2 + 8*o - 10. Suppose 10 = -5*y, 2*r - 5*y - 18 = 436. Let p be -4*1*r/12. Let w = -81 - p. Calculate m(w).
-17
Let d(l) = -41*l - 8. Let j(t) = -18*t - 2. Let m(s) = d(s) - 2*j(s). Give m(-5).
21
Let z(g) = g**2 + g**3 - 257*g + 75*g + 4 + 87*g + 91*g. Calculate z(1).
2
Let k(m) = 0*m + 5*m + 15*m + 2*m + 9. Give k(-3).
-57
Let v be -6*(-10)/(-6) - -12. Let g(o) be the third derivative of 1/6*o**4 + 0*o + 0 + 9*o**v + 0*o**3. What is g(1)?
4
Let d(z) = z + 0 - 9 - 16 + 10 - 7. What is d(13)?
-9
Let l(d) be the third derivative of 0 - 7/24*d**4 + 7/60*d**5 + 4*d + 3/2*d**3 + 1/120*d**6 + 4*d**2. Give l(-8).
1
Let l(q) be the first derivative of -q**4/4 + 25*q**3/3 + 29*q**2/2 - 74*q - 1127. Calculate l(26).
4
Let u(l) = l**3 - 5*l**2 - 3*l + 7. Let o(x) = 17*x + 5. Let t be o(-4). Let h = 67 + t. Let k be (-212)/(-44) - h/(-22). What is u(k)?
-8
Let p be ((-30)/(-30))/(((-4)/(-2))/20). Let g(b) = -2*b**2 + 20*b - 10. What is g(p)?
-10
Suppose -3*y + 3*p + 2*p = -13, 29 = 5*y - p. Let b(l) = -6 - y + 11 - 6 + l**2 + 5*l. Give b(-5).
-7
Let v(m) be the second derivative of -5/3*m**3 + m**2 + 18 - m + 1/12*m**4. Calculate v(4).
-22
Let k(p) = -22*p - 55. Let l(d) = -13*d - 29. Let a(u) = -3*k(u) + 5*l(u). Give a(-14).
6
Let z(a) = 329*a - 993*a - 6 + 29 + 326*a + 327*a. Give z(2).
1
Let t be (-2 - -8) + -2 + (-6)/(-3). Let r = -3 - -4. Suppose t*n - r - 5 = 0. Let y(q) = 12*q**3 - q**2 - q + 1. Determine y(n).
11
Let r(d) = 3*d - 10. Let v be 4/22 - 57*65/(-11). Let i = v + -331. Determine r(i).
8
Let p = -2326 - -2324. Let h(b) be the third derivative of 1/15*b**5 + 0*b + 1/3*b**3 + 2*b**2 + 0 + 1/6*b**4 + 1/60*b**6. Give h(p).
-6
Suppose 18*v - 143 = 5*v. Suppose 5*t - v*k = -10*k + 37, 5*t - 2*k - 34 = 0. Let s(r) = -3*r - 3. Give s(t).
-27
Let i = -23 - -61. Let g = i - 44. Let c(x) be the second derivative of x**4/12 + 4*x**3/3 + 5*x**2/2 + 3*x. Give c(g).
-7
Let l(u) = u**3 + 7*u**2 + 11*u + 16. Suppose 9*f = -26*f - 175. Calculate l(f).
11
Suppose 0 = -v - 2. Let p(l) = -l**2 + 2*l**2 + 3*l - 3*l. Let y(k) = 2*k**2 + 2*k - 1. Let i(g) = -3*p(g) + y(g). What is i(v)?
-9
Suppose 5*c - 26 = -6. Let s(p) = c + 1 - 2*p**2 + 3*p**2 + 8*p. Suppose -7*v - 23 = 19. Calculate s(v).
-7
Let h(v) = -v**3 - 5*v**2 + 6*v - 7. Suppose 4*i = -5*d + 161, -120*i - 4*d + 156 = -116*i. Let x(q) = 7*q + 2. Let u be x(-6). Let f = u + i. What is h(f)?
-7
Let o(h) = 16*h - 6*h + 0*h - 5*h - 6*h - 4. Suppose 2*z = -0*z + f - 15, 5*f = 3*z + 40. Give o(z).
1
Let r be (-6)/2 - (-47 + 4). Let n be (r/(-15) - -2)/((-4)/(-6)). Let s be (-3)/3*2 + n/1. Let w(z) = -z**3 - 3*z**2 - 2*z - 1. Determine w(s).
5
Let c(z) = -28*z + 12. Let d(i) = -i**3 + 20*i**2 + 42*i + 39. Let q be d(22). What is c(q)?
152
Let t(n) = -14 + 22 - 13 - 16 - 2*n - 14. What is t(0)?
-35
Suppose 3*s - 13 = -2*h + 6, -4 = -4*s. Let q = 7 + -5. Let o(w) = 0*w + q*w - 12 + w - w. Determine o(h).
4
Let f(q) = -q**2 + 8*q - 7. Suppose 13 - 105 = -2*h. Let c = -44 + h. Suppose c*u - 31 + 9 = 2*i, -2*u - 4*i = 8. Give f(u).
5
Let g be ((-12)/(-1) - (40 + -29))*1/(-1). Let u(j) be the second derivative of 8*j**3/3 + j. Determine u(g).
-16
Let u(x) = 2*x**2 + 32*x - 3. Let y(k) = -3*k**2 - 44*k + 4. Let h(c) = 7*u(c) + 5*y(c). Suppose -12 + 0 = 2*v. Let z = v + 11. Give h(z).
-6
Let q(n) be the second derivative of n**5/20 - 3*n**4/2 - n**3/2 + 45*n**2/2 + 1468*n. What is q(18)?
-9
Suppose -4*d - 513 = -529. Let u(t) = 2*t**2 - 2*t. Let f(x) = 9*x**2 - 15*x. Let l(z) = d*u(z) - f(z). Give l(7).
0
Let p(q) be the second derivative of -q**5/10 - 11*q**4/4 - 13*q**3/6 + 55*q**2/2 - 1743*q. Calculate p(-16).
7
Let r(h) = -29*h**2 - 2*h - 1. Let x(z) be the third derivative of -5*z**5/12 - z**4/8 + 82*z**2 - 2*z. Let v(u) = -6*r(u) + 7*x(u). Calculate v(-7).
20
Let r(s) = s - 12. Let y(t) = 4*t + 48. Let k(f) = f. Let o(l) = 8*k(l) - y(l). Let j(h) = -2*o(h) + 9*r(h). Let n = -3 + 8. Calculate j(n).
-7
Let f(c) = -2*c**3 + 13*c**2 + 5. Let b be f(6). Let u = -35 + b. Let o(h) = h**2 - 10*h - 6. Give o(u).
-30
Let g(o) = 4*o**2 - o**2 - o**3 + 4*o + 0*o**3 - 1. Let n be (765/(-204))/(6/(-8)). Suppose 5*k = 2*d + 2, -13 = -n*d + k + 5. Calculate g(d).
-1
Let r(l) be the third derivative of -5*l**4/24 + l**3/3 - l**2. Suppose -1 = -13*y + 51. Suppose -2*s - 21 = -5*v, -5*s - 4*v = -y*s - 22. Calculate r(s).
-8
Suppose -5*w = 2*r - 82, 2*r + 44 + 18 = 3*w. Suppose 3*h - w = a - 4*a, -4*h + a + 39 = 0. Let m(j) = -9 + h - 4 - 1 + j. Calculate m(4).
-1
Let f(h) = -h**3 + 13*h**2 + 15*h - 7. Let w be f(14). Let s(i) be the first derivative of 7/3*i**3 - 1/4*i**4 - 25 - i**2 + 9*i. Calculate s(w).
-5
Let s(d) = -74*d - 216. Suppose 0 = 16*m + 38*m - 221 + 383. What is s(m)?
6
Let z(y) = -2*y**3 + 19*y**2 + 19*y**2 - 4*y + 20 - 5 - 13 - 34*y**2. Calculate z(1).
0
Let u(n) = 2*n**2 - 145*n - 9. Let x(z) = -z**2 + 58*z + 5. Let q(g) = 2*u(g) + 5*x(g). Let i = 4 - 1. Suppose m - 1 = -2*f, -2*m + 3*f - 22 = -i. What is q(m)?
-18
Suppose q = 4*q - 6. Let c be ((-14)/(-7))/((-4)/(-4)). Let n(m) = 22*m - m**c - 16*m + 2 - 8*m. What is n(q)?
-6
Suppose -15*b = -12*b - 3. Let y be ((-9)/12)/(b/(-12)). Let u(s) = s**2 - 7*s - 11. Calculate u(y).
7
Let s = -23 + 20. Let g(r) be the second derivative of r**5/60 - r**3/3 + 61*r**2/2 + r - 3. Let j(w) be the first derivative of g(w). What is j(s)?
7
Suppose -15 = -47*l + 46*l. Let q(o) = o**3 - 16*o**2 + 15*o + 3. Give q(l).
3
Let t(q) = 2*q**2 + 10*q - 127. Let d(i) = -i**3 + 116*i**2 - 863*i - 102. Let f be d(108). Calculate t(f).
5
Let w(o) = 22*o**2 + 214*o - 241. Let x(n) = -9*n**2 - 85*n + 96. Let r(m) = 5*w(m) + 12*x(m). What is r(-26)?
-1
Let m = -2 + -1. Let a(c) be the first derivative of c**3/2 - c**2/2 - 38*c + 102. Let q(s) be the first derivative of a(s). Calculate q(m).
-10
Let n = 108 + -103. Suppose 5*u + 4*b = 1 - 9, n*b - 11 = -u. Let v(o) = o**3 + 4*o**2 - 5*o. What is v(u)?
20
Let j(k) be the second derivative of -k**6/720 - k**5/15 + 29*k**4/6 - k**2/2 - 301*k. Let o(d) be the third derivative of j(d). What is o(6)?
-14
Let f(n) = -5*n - 3. Let c(a) = 4*a + 2. Let t(g) = -4*c(g) - 3*f(g). Let q be (-17 - -2)*(-9)/45 - -1. Suppose y = -q*r - 10 - 6, 0 = 3*y. Calculate t(r).
5
Let u be 2 - 6*14/21. Let x be (0 + (-8)/u)*(24 + -25). Let m(p) = p**3 + 3*p**2 - p + 4. Calculate m(x).
-8
Let h = 1383 + -1388. Let z(b) = 3*b**2 + 6*b - 2. Calculate z(h).
43
Let l(j) be the second derivative of -j**2 - 2 - 1/6*j**3 - 22*j + 1/12*j**4. Determine l(0).
-2
Let c be ((-2544)/(-432)*-9)/((-2)/(-2)). Let h(o) = -15*o - 794. What is h(c)?
1
Let k(x) = -9*x + 4. Suppose 6*n - 42 + 12 = 0. Let d(v) = -8*v + 3. Let r(o) = n*k(o) - 6*d(o). Calculate r(5).
17
Suppose 0 = 2*y - 2*u - 8, 5*y + 2*u + 2*u - 56 = 0. Suppose 9 = -2*c - k, -3*k = -y*k + 25. Let h(s) = -2*s - 11. What is h(c)?
3
Let p(k) = -k + 3. Let c(q) = -7*q - 22. Let g(x) = -2*x**2 - 17*x - 12. Let h be g(-8). Let f be c(h). Calculate p(f).
-3
Let y(s) = 13*s**2 - 5*s - 19. Let p(f) = -23*f**2 + 9*f + 33. Let a(h) = 4*p(h) + 7*y(h). Suppose 3*g + 0 = -5*r + 20, -2*r = -8. Determine a(g).
-1
Suppose 55*w - 17 = 58*w - r, -3*w - 7 = r. Let n(c) = -2*c**2 + 5*c + 1. Let k(v) = 3*v**2 - 4*v - 1. Let y(z) = w*n(z) - 3*k(z). Determine y(-6).
11
Let p(a) = 4*a**2 - 71*a - 20. Suppose -16*w = -107*w + 1638. Determine p(w).
-2
Let j be (-75)/60 - (-1 - 2/8). Suppose -c - 70 + 73 = j. Let q(k) be the third derivative of k**5/60 - k**4/24 - k**3/3 - k**2. What is q(c)?
4
Let s = 13 + -9. Let m = -15 + 13. Let x(w) = 7*w**3 - 10*w**2 - 3*w - 4. Let v(p) = -3*p**3 + 5*p**2 + p + 2. Let o(n) = m*x(n) - 5*v(n). Determine o(s).
-14
Suppose a = -0*a + 5, -5*a - 2 = 3*v. Let p(u) be the third derivative of u**5/60 + 5*u**4/12 + u**3/3 + u**2. What is p(v)?
-7
Let z(y) = -y**2 - 42*y - 245. Let v be (-14)/12*((-66)/363 + 544/88). Calculate z(v).
0
Let l(h) = -16*h**3 - 2*h**2 + 2*h - 1. Let c(g) = -g**2 - 8*g + 34. Let v be 4 + (-21 - -3 - -3). Let o be c(v). Give l(o).
